(j) = j - 2. Let d(y) = y**3 + 6*y**2 + y + 1. Let m be d(-6). Let o(h) = -h + 3. Let r(w) = m*o(w) - 6*p(w). What is the units digit of r(-7)?
4
Suppose 4*g - g - 3 = 0, -3*g + 23 = 5*u. Suppose -3*t - u = -16. Suppose 4*y - 4*h - 42 = 14, 3*h - 77 = -t*y. What is the tens digit of y?
1
Let k(i) = i**3 - 5*i**2 - 6*i + 4. Suppose -2*w = -7*w + 30. Let u be k(w). Suppose -u*s - 3*t + 11 = -2*t, -4*s + 3*t + 31 = 0. What is the units digit of s?
4
Let w(z) = -z**3 + 5*z**2 + z + 1. Let r be w(5). Let h = r + 1. What is the units digit of h?
7
Suppose 0 = -4*c - 4*i + 68, 2*c + 5*i - 25 = 21. Suppose 0 = -0*w - w + c. What is the units digit of w?
3
Let f(r) = r**2 + 4*r - 5. Let v be f(-5). Suppose 3*q = -3*n + 2*n + 37, v = -3*n - 4*q + 131. What is the tens digit of n?
4
Suppose -3*z + 3 + 3 = 0. Suppose p = z*p - 66. Suppose 0 = -0*b + 3*b - p. What is the tens digit of b?
2
Let r be ((-3)/6)/((-3)/6). What is the tens digit of (-3)/(r - 12/11)?
3
Let n be 0/(3/((-9)/(-6))). Let j = n + 1. What is the units digit of 6/12 + j/2?
1
What is the tens digit of 4/(-2 + 1112/548)?
3
Let b = -9 + 9. Suppose k + 4 - 60 = b. What is the units digit of k?
6
Let s = -42 + 36. Let n(r) = -r - r + 3 - 6. What is the units digit of n(s)?
9
Let v = 249 + -165. What is the tens digit of v?
8
Let n = -146 + 361. What is the hundreds digit of n?
2
Let z(p) = -39*p + 32. What is the units digit of z(-7)?
5
Let a be -1 + (2 - (-1 - 1)). Suppose -2*t = -a*w - 2*w - 76, 4*w + 5*t + 74 = 0. Let q = 31 + w. What is the tens digit of q?
1
Let s(x) = 7*x - 1. Let k be s(3). Suppose -8*c + 6*c = -k. What is the units digit of 37/5 - 4/c?
7
Let y(t) be the first derivative of 1/2*t**2 + 2 - 5*t. What is the units digit of y(10)?
5
Let g be -5*((-2)/5 - 2). Suppose -x + 3*x + 2*p - g = 0, 15 = 2*x + 5*p. What is the units digit of x?
5
Let c(j) = 25*j + 27. What is the tens digit of c(7)?
0
Suppose 0 = 5*g + 2*b - 22, -2*b - 16 = 2*b. Let w = g + -4. What is the units digit of w?
2
Let g(d) = 14*d**2 + 2*d + 8. What is the tens digit of g(-4)?
2
Let c be (-2)/(-3) - (-6)/(-9). Suppose c*r + 2*b - 8 = r, -r + 8 = 2*b. Suppose r = -2*d + 4 + 2. What is the units digit of d?
3
Suppose 2*b = -3*f + 64, 5*f = 3*b - 0*b + 132. Suppose -f = 3*x + x. Let p = x + 12. What is the units digit of p?
6
Suppose 4*d = -2*y - 4, 5*y - 3*d + 5*d - 22 = 0. Suppose -4*k = -y*k + 60. What is the tens digit of k?
3
Suppose 0 = -0*u + u + 20. Let m be u/8*(-8)/10. Suppose -2*z = 10, -m*c + 4*z - 3 = -35. What is the units digit of c?
6
Let t be 2 - (-1 - (-2)/1). Let k be t/4 - 120/(-32). Suppose z - 47 = -3*d - z, -k*d + 5*z + 101 = 0. What is the units digit of d?
9
Let h = -2 - -6. Suppose -x - h*x + 5*f + 225 = 0, -4*f = -4. What is the units digit of x?
6
Suppose -3*y + 6 = 0, y + 0*y + 29 = u. What is the units digit of u?
1
Suppose -5*d - 5*p = -3*d + 6, -5*d - p + 8 = 0. Suppose 3*v = d*h - 4*h + 11, 0 = 2*h - 2. Let l(m) = m + 4. What is the units digit of l(v)?
7
Suppose -4 = -3*s - 1. What is the units digit of s/(3/36*3)?
4
Let w(z) = -z**3 + 4*z**2 + 6*z - 6. Let i be w(4). Suppose 0*u = -3*u + i. What is the units digit of u?
6
Suppose -5*k + 2*t + 27 = 0, 2*k + k - 17 = 2*t. Suppose 10 = -k*o, -5*c - o + 6 + 7 = 0. What is the units digit of (-3 - 6)*(-2)/c?
6
Let z = -72 - -193. What is the units digit of z?
1
Suppose -4*q - c = -5*c - 940, 3*c = 0. What is the hundreds digit of q?
2
Let g be 1/((-26)/14 - -2). Let i = 1 + -2. Let h = g + i. What is the units digit of h?
6
Let x = -9 - -30. What is the units digit of x?
1
Suppose -9 = -0*m + 3*m. What is the tens digit of 0 + 124/(1 - m)?
3
What is the tens digit of (-226)/3*12/(-8)?
1
Let v = -62 - -68. What is the units digit of v?
6
Suppose 0 = -3*i + 9*i - 456. What is the units digit of i?
6
Let z be 4/3*(-33)/11. Let f = z + 37. What is the units digit of f?
3
Suppose -86 = -9*q + 544. What is the units digit of q?
0
What is the units digit of 22/(-99) - (-848)/9?
4
Let p(t) = 5*t**2 - 15*t - 7. Let y(j) = 11*j**2 - 31*j - 15. Let b(l) = 13*p(l) - 6*y(l). What is the tens digit of b(-5)?
1
Let v be (-62)/10 + 2/10. Let s(l) = 5*l + 2. Let j be s(3). What is the tens digit of (-3)/(v/(-4)) + j?
1
Suppose -5*f = -0*f - 50. Suppose f = c - 2*c - 2*n, 0 = -4*c - 5*n - 31. What is the units digit of (2 + c/(-6))*3?
8
Let a(w) = w - 4. Let i be a(8). What is the tens digit of -2 + ((-8)/i - -19)?
1
Suppose -7*l + 2*l = 35. Let c be (-12)/(-2)*63/21. Let i = l + c. What is the tens digit of i?
1
Let d(i) = i**3 + 5*i**2 - 6*i - 8. Let w be d(-6). Suppose 36 = -0*p - 2*p. What is the units digit of (-48)/(-18)*p/w?
6
What is the tens digit of (4 + -7)*-5 - -2?
1
Let i = -7 + 9. Suppose -2*m = -p - 6, 0*m + 23 = 3*m + i*p. What is the units digit of m?
5
Let r(q) = -q**3 - 5*q**2 - 5*q + 5. Let d be r(-5). Let f(i) = 4*i**3 - i**2 + i. Let s be f(1). Suppose -c - s*c = -d. What is the units digit of c?
6
Let s(k) be the third derivative of -3*k**4/8 - k**3/6 - 6*k**2. What is the tens digit of s(-4)?
3
Let d be 26/91 + 52/14. Suppose 0 = -i + o + 17, o = -i - d*i + 73. What is the units digit of i?
5
Let b be 2/(-1*(-4)/60). Suppose -2*o = -0*o - b. What is the tens digit of o?
1
Suppose 35 = 5*p + 3*v, -v - 32 = -3*p - 5*v. Suppose -p*l + 12 = -3*y - y, 4*l = 5*y + 7. Suppose 0 = k + k + l, -2*k = 5*r - 52. What is the tens digit of r?
1
Let k = 49 + -5. What is the tens digit of k?
4
Suppose 2*x + 4*w = -28, 4*x + 2*w + 31 = -31. What is the tens digit of x*-1*(-6)/(-4)?
2
What is the tens digit of 303*((-1)/(-3) + (0 - 0))?
0
Suppose 3*n - 37 = -4. Let l = -4 + n. Suppose -28 = 3*w - l*w. What is the units digit of w?
7
Let j(p) = -p**3 - p + 7. What is the units digit of j(0)?
7
What is the units digit of (-6)/14 - 206/(-7)?
9
Let k(l) = -l**2 - l. Let s be k(0). Suppose 5*q + 2*a - 27 = a, s = -q + 4*a + 18. Suppose 44 = q*x - 2*x. What is the tens digit of x?
1
Suppose -4*t - 531 = -5*a, -6*a + 8*a - 210 = t. What is the tens digit of a?
0
Let v be (2 - 2) + -1 + 7. Let c = 10 - v. Let p(y) = y**3 - 5*y**2 + 6*y. What is the units digit of p(c)?
8
Let q(p) = -p**3 + 7*p**2 - 3*p + 5. What is the tens digit of q(6)?
2
Suppose 0 = -3*z + 4*n - 1, 5*z - 5*n - 1 = -11. Let m(j) = 2*j + 7 + 2*j**2 + 5*j - j**2. What is the units digit of m(z)?
7
Suppose 8*d - 25 = 3*d. Suppose n - 3*q = 2*n - 5, -4*n = d*q - 13. What is the units digit of n?
2
Suppose -k + 4*c = -5*k + 12, -2*k - 5*c + 15 = 0. Let o = -6 + k. Let g(d) = d**2 + 5*d + 8. What is the units digit of g(o)?
4
Let x(k) = -2*k - 7. Suppose 0 = 5*r + 2*g + 19, -13 + 4 = 3*r + 2*g. What is the units digit of x(r)?
3
Let q(v) = v**3 - 6*v**2 - 6*v - 3. Let p be q(7). Let i(g) = g**2 + 2*g - 6. What is the tens digit of i(p)?
1
Let r(g) be the first derivative of -11*g**2/2 + g + 2. Let h be r(-1). Suppose n = -n + h. What is the units digit of n?
6
Let c(x) = x**3 - 6*x**2 + 6*x + 8. Let v be c(6). Suppose r - v = -3*r. What is the tens digit of r?
1
Let g(x) = -x**3 - 3*x**2 + 2*x - 1. Suppose 0 - 1 = -y. Let h be -2 - y/((-2)/(-4)). What is the units digit of g(h)?
7
Suppose 188 = 9*h - 5*h. What is the tens digit of h?
4
Suppose 5*m = 196 + 899. What is the tens digit of m?
1
Let s(l) = 2*l - 4. Let n be s(2). Let q = 0 - 0. Suppose n*z - 2*z + 22 = q. What is the tens digit of z?
1
Suppose -5*h + 125 = -2*f, -2*h - 3*f = -4*h + 50. What is the tens digit of h?
2
Let k = -29 + 24. Let s = 12 + -6. Let z = s + k. What is the units digit of z?
1
What is the tens digit of 244/5 - 2/(20/(-2))?
4
Let y be (-1 + -24)/(-1 + 0). Let l = y + -10. What is the tens digit of l?
1
What is the units digit of ((640/25)/2)/((-1)/(-5))?
4
Let c = 375 + -224. What is the units digit of c?
1
Let x = 0 - 3. Let n be (0 - 2) + -1 - -13. Let y = n - x. What is the units digit of y?
3
Suppose -a - 3*r = 5, -3*r = 5*a - 0*a + 1. Let o = a - -1. What is the units digit of o?
2
Suppose -10 = -5*t - 0. Let l = 6 + t. What is the units digit of l?
8
Suppose 3*n - 255 = 3*c, 0 = -0*n - 4*n + c + 337. What is the units digit of n?
4
Let v(d) = d**2 + 1. Let j be v(3). Let m(h) = h**3 - 9*h**2 - 10*h + 9. Let n be m(j). Suppose 2*q = q + n. What is the units digit of q?
9
Suppose 0 = -v + 4*r - 